)/((-2)/30). Let m(v) be the second derivative of v**3/6 - 2*v**2 + 85*v. What is m(j)?
2
Suppose -s + 3*s = -20. Let t = -5 - s. Let b(v) = -v + 27 - 62 + 39. What is b(t)?
-1
Let q(u) = 2*u**3 - 3*u**2 + u - 2. Suppose -2*i - i = 4*b + 6, -3*i + 12 = -2*b. What is q(i)?
4
Suppose 0 = 3*u + 3*f - 33, -5*u - 2 + 22 = -2*f. Let b(j) = 2*j - 4. Give b(u).
8
Let m(q) = -q**2 - q - 1. Let r(g) = 4*g**2 - 8*g**2 - 2*g**2 - 9*g - 11. Let o(x) = 5*m(x) - r(x). What is o(-4)?
6
Let g be (1/(-2) + 1)*6. Let v(d) = -4*d**3 - 7 + 2*d**3 - 5*d**2 + 2*d**g + d + d**3. Calculate v(5).
-2
Let p(o) be the third derivative of -o**4/8 + o**3/2 + 2*o**2. Suppose 0 = -b + 5*b - 24. Let i = b + -3. Calculate p(i).
-6
Let q = -12 + 16. Let x be (-6)/9*(-12)/2. Let f(p) = 1 - 2*p - 4 + x*p. Determine f(q).
5
Suppose 0 = r + p + 16, -46 = 3*r + 4*p - 0*p. Let q = 21 + r. Let g(j) = j**2 - j - 1. Let m(b) = -3*b**2 + 6*b + 1. Let i(u) = 2*g(u) + m(u). Calculate i(q).
2
Let b(o) = o**3 + o - 1. Let q(c) = -7*c**3 + c**2 - 3*c + 3. Let g(r) = -6*b(r) - q(r). Calculate g(2).
1
Let h(i) be the second derivative of i**4/12 - i**3/2 - 5*i**2/2 - 11*i. Give h(5).
5
Let p(v) = -1. Let c(m) = -m - 3. Let l(a) = -3*c(a) + 8*p(a). Suppose 0 = 3*n + 10 - 1. What is l(n)?
-8
Suppose 2*l = 4*l. Suppose l = 3*f - 0*f - 3. Suppose f - 3 = -2*m. Let o(v) = 2*v + 1. Determine o(m).
3
Let v(k) be the first derivative of k**4/4 + 2*k**3/3 + k**2 - k + 5. Let c = 7 + 1. Suppose -m + 5*m + c = 0. What is v(m)?
-5
Suppose -3*i + 41 = -2*k - 2*k, -i + 4*k + 11 = 0. Suppose 5*o + i = 5. Let c(s) = 2*s**2 - 3 - 3*s**2 + 3*s + 4. What is c(o)?
-9
Let j be (-3)/(-2)*6/9. Let o(c) = 4 + c + 0 - 2 - j. Determine o(6).
7
Let k(r) = 0*r + 2*r**2 + 5 - 3*r**2 + r. Let b(n) = -2*n**2 + 2*n + 10. Let h(j) = -4*b(j) + 9*k(j). Let o be 5 + -2 + 6/(-2). What is h(o)?
5
Let i(r) be the first derivative of -r**4/4 + 11*r**3/3 - 9*r**2/2 - 9*r + 12. What is i(10)?
1
Let c(n) = -n + 2. Let p be 12/16 + 26/8. Suppose 2*b = 2*z + 4, -p = -2*b - 4*z - z. Suppose 3*t + 4*x + 12 = b*t, 0 = -5*x - 10. What is c(t)?
6
Let l = -29 - -30. Let h(p) = 3*p**2 + 2*p - 1. Give h(l).
4
Let h = -1 - 3. Let z(f) = f**2 + 4*f - 2. What is z(h)?
-2
Let t(m) = m**2 - 1. Let v(u) = u**3 - 4*u + 2. Let w(n) = -2*t(n) - v(n). Determine w(-4).
16
Let p(n) = -n**3 + 4*n**2 + n - 1. Let j be p(4). Suppose j*u + 2*u = -20. Let l(f) = f**3 + 4*f**2 + f + 5. What is l(u)?
1
Let g(l) = 5*l - 3. Let i(k) = 14*k - 9. Let n(j) = 17*g(j) - 6*i(j). Suppose -3*q + 4 = -8. What is n(q)?
7
Let o(w) = -w**3 + 1 - 3*w**2 - 2*w**2 + 2*w + 3*w**2. Let a = -4 + 6. Suppose 10 = a*j, 5*l - 4*j - 16 = -51. Give o(l).
4
Let g(h) = h + 4. Suppose -4*s + 6*s = -12. Give g(s).
-2
Let r(c) = -2*c**2. Let w = 1 + 4. Suppose 7 = w*d - 8. Let j be (1 - 3)/(3/d). What is r(j)?
-8
Let j(q) = 2*q - 2. Let n be 5/(-2) - 1/(-2). Give j(n).
-6
Let a be (-23)/5 + (-4)/10. Let t(w) = -w**3 + 7*w**2 + 6. Let v be t(7). Let y(u) = -v + u**2 - 1 + u + u. What is y(a)?
8
Let l(g) = -g**3 + g + 6. Suppose 0 = 3*v - n + 9, -2*n - 6 = -v + 3*v. Let b(t) = t**2 - 4*t. Let c be b(3). Let q be -1 + v/(0 + c). Calculate l(q).
6
Let i(r) be the second derivative of r**5/20 + r**3/6 - r**2/2 + r. Let w(k) = 6*k**3 - 3*k**2 + 2*k - 1. Let g(m) = 5*i(m) - w(m). Give g(3).
5
Let b(f) = -f. Let g(z) = 8*z**2 - 6*z + 1. Let v(q) = -4*b(q) + g(q). Determine v(1).
7
Let w(o) = -2*o**3 - o - 1. Let m = -2 + 3. Let u = -2 + m. Let b = -2 - u. Give w(b).
2
Let y(i) = -i**3 - i**2 + 3*i + 3. Suppose 4*g = 3*k - 17, 15*g + 4*k = 17*g + 16. Give y(g).
1
Let g(h) be the first derivative of h**4/4 - h**3/3 + 2*h - 5. What is g(0)?
2
Suppose 40 = -n - 3*n. Let p be ((-5)/n)/((-1)/(-4)). Suppose s + 5 = p*s. Let o(d) = d**3 - 6*d**2 + 7*d - 6. Give o(s).
4
Suppose -36 = 3*i - 7*i + 2*v, 3*i - 20 = 5*v. Let o = -19 + i. Let n be 2/6 + 3/o. Let a(l) = l**3 - l**2 + l + 2. Give a(n).
2
Let r(w) = w - 1. Let a(t) = -t**2 - 12*t - 14. Let k be a(-11). Give r(k).
-4
Let r(o) = -2*o**3 - 5*o**2 + 2*o + 3. Let i(s) = 3*s - 2 - 4*s + s**3 + 2*s - 2*s + 3*s**2. Let c(x) = 5*i(x) + 3*r(x). Give c(2).
-7
Let v(t) = -t**2 + 10*t + 3. Let p(h) = 5*h - 9. Let y be p(4). Calculate v(y).
-8
Let f(u) = -3*u**2 + 7*u + 2. Let c(q) = -5*q**2 + 10*q + 3. Let l(b) = 5*c(b) - 8*f(b). Let k(m) = -12 + 6 - 6 + m. Let h be k(6). What is l(h)?
-1
Let p(n) = -n - 1 - 1 - 1. Suppose -a + 21 = -4*w - w, 0 = 5*a + 5*w - 45. Let i = a - 14. Give p(i).
0
Let d(v) = 2*v**3 - 2*v**2 - v + 2. Suppose 0 = -3*z - z + 20. Suppose 17 = 2*a + z. Suppose -4*n = -4*b - a*n + 10, 3*n = -4*b + 11. Give d(b).
8
Let l be (-4)/6*1*-3. Let m = l + 1. Let o(u) = -u**2 + 4*u - 3. Give o(m).
0
Let r(u) be the first derivative of -u**3/3 - u**2/2 + u - 8. What is r(-4)?
-11
Let y(k) = 2*k**3 + k**3 - 4*k**3 - 5 + k**2 - k. Suppose 0 = -3*t + 4*t. Let m be t/(0 + 0 - -1). Give y(m).
-5
Let v(s) = -3*s + 10. Let d(y) = 2*y - 5*y + 29 - 5*y. Let o(t) = 4*d(t) - 11*v(t). Let z be o(-11). Let r(q) = q**2 + 6*q + 7. Calculate r(z).
2
Let a(g) = 1 - 28*g**2 - 3*g + 51*g**2 - 18*g**2. Give a(2).
15
Let z be (-2)/2*(-17 - -3). Let p(s) = 4 + z*s - 5*s - 8*s - s**2. What is p(-3)?
-8
Let l be 4 + (-6 - (0 + -3)). Let n(q) = -q + 1. Let t(m) = -3*m**2 + 6*m - 6. Let c(w) = -5*n(w) - t(w). Calculate c(l).
3
Let y(b) = 18*b - 2 - 6*b + 0*b**2 - 5*b + 2*b**2. Give y(-5).
13
Let d(s) = -2*s - 8 + 0*s + 6*s - 5*s. What is d(-10)?
2
Suppose -m = -4*z - 3*m + 34, -m = -1. Let a(p) = p - 5. Calculate a(z).
3
Let u(l) = l**2 - l + 1. Let r(o) = 4*o**2 - 8*o + 3. Let b(j) = -r(j) + 3*u(j). Give b(5).
0
Let z(x) = x**2 + 5*x. Suppose -2 = -4*o + 18. Suppose o*q - 10*q = 30. What is z(q)?
6
Let c = 11 - 4. Let l(d) = c - d + d + d. Determine l(-5).
2
Let x(u) = -18*u**3 + 6*u**2 - 4*u - 1. Let v(t) = 2*t + 11. Let n be v(-11). Let i(r) = -53*r**3 + 17*r**2 - 11*r - 3. Let y(o) = n*x(o) + 4*i(o). Give y(1).
-13
Let n(i) = -i - 6. Let k(v) = -v**2 - 5*v + 31. Let g be k(-9). Determine n(g).
-1
Let m(c) = c**2 + 2*c - 4. Let t(k) = -k**3 - k**2 + 3*k - 4. Let f be ((-2)/(-4))/((-3)/18). Let p be t(f). Suppose -p*n - 21 = -1. Determine m(n).
4
Let i(w) = 8*w + 11. Let q be i(-2). Let m(f) = -f**3 - 5*f**2 + f + 6. Calculate m(q).
1
Suppose 0 = 2*d + 2*d - 32. Suppose s + 4 = 4*s - 5*c, d = -s - 3*c. Let u(n) be the second derivative of -n**5/10 - n**4/12 + n**3/6 - n**2 - 2*n. Give u(s).
8
Let j(h) = h**3 + 6*h**2 + 7*h + 2. Suppose 4*u - q = -16, -u = 2*u - 5*q - 5. Calculate j(u).
-8
Let w(g) = -8*g**2 - 7*g + 1. Let r(l) = 9*l**2 + 8*l - 1. Let j(p) = 6*r(p) + 7*w(p). Determine j(-2).
-5
Let j(n) = n**3 - 5*n**2 - 8*n + 5. Suppose -2*h - 5*d = -7, 0*h + 3 = h + 3*d. Determine j(h).
-7
Let h be (-4)/3*(-12)/16. Let d(t) be the third derivative of -t**6/30 - t**5/60 - t**4/24 + t**3/6 + t**2. Calculate d(h).
-5
Let f(i) be the second derivative of i**5/60 - i**4/3 + i**3 + 3*i**2/2 - 2*i. Let r(l) be the first derivative of f(l). Give r(4).
-10
Suppose -20 = 2*z + 5*j, -3*j - 19 = 5*z - 7. Suppose k = -z*k + 4. Let f(w) = -w**3 + 3*w**2 + 3*w - 4. Determine f(k).
-8
Let j(w) = -2*w**2 - 6*w**3 + 2*w**2 + w - w**2. Let m be 192/10 - (-7)/(-35). Suppose s - 2*d + m = 2*d, -2*s = 3*d - 17. Give j(s).
-6
Let l(t) = t**3 - 2*t**2 + 2*t - 2. Suppose -y - 2*y + 21 = 0. Suppose -y - 1 = -4*f. What is l(f)?
2
Let t(z) = z + 7. Let p be t(-4). Let l(w) = 2*w**3 + 4*w**2 - 3*w - 8. Let b(k) = 5*k**3 + 13*k**2 - 10*k - 24. Let r(u) = p*b(u) - 8*l(u). What is r(6)?
-8
Suppose 6 = -5*n - 19. Let g(v) be the second derivative of v**3/6 + 3*v**2/2 + 3*v. Determine g(n).
-2
Let g(n) = 2*n + 2. Let c(l) = -l**2 - 2. Let f be c(0). What is g(f)?
-2
Let t(p) = 7*p - 3. Let i(c) = -6*c + 3. Let u(y) = -4*i(y) - 3*t(y). Let j be (3/9)/((-3)/(-27)). Determine u(j).
6
Let m(v) be the first derivative of -v**6/120 + 7*v**5/60 - 5*v**4/24 + 2*v**3/3 + 7*v**2/2 + 9. Let t(s) be the second derivative of m(s). Determine t(6).
10
Let i be 4/(-12) + (-4)/((-48)/(-20)). Let y(f) = -2 + 2 - 1 - 2*f**2 + 2*f. Give y(i).
-13
Let b(z) = -z**3 - 13*z**2 + 13*z - 11. Let w be b(-14). Suppose -2*m + w - 11 = 0. Let g(h) = h + 3. Calculate g(m).
-1
Let q(c) = 3*c**3 - 2*c**2 + 1 + 4*c - 2*c**3 + 8*c**2. Give q(